628 (base 13) to base 10.
-73549
612db (base 16) to base 13
10c239
Convert eefa4 (base 16) to base 8.
3567644
Convert -100011111100111000011 (base 2) to base 12.
-4898ab
Convert 2cdd4 (base 15) to base 11.
99934
Convert -15210325 (base 7) to base 12.
-599b41
What is -13212 (base 14) in base 2?
-1011011111010000
Convert 89972 (base 16) to base 6.
20025042
14645064 (base 8) to base 4
30310220310
Convert -31030420 (base 5) to base 3.
-110210122210
Convert -1123c (base 15) to base 14.
-15c15
Convert -1280d6 (base 15) to base 7.
-10355262
-2311802 (base 9) to base 13
-349058
What is 140045543 (base 6) in base 15?
3a6556
What is 337106 (base 13) in base 11?
75aa31
-563924 (base 10) to base 4
-2021223110
What is -56892c (base 13) in base 4?
-13303233312
What is 6330a (base 16) in base 8?
1431412
Convert -2524564 (base 7) to base 2.
-1001111100010100110
Convert 5443413 (base 6) to base 4.
1002000201
What is 10011100112 (base 3) in base 8?
171416
-101110100101101110 (base 2) to base 5
-22101310
Convert -233967 (base 13) to base 5.
-203231331
Convert -1021030023 (base 4) to base 3.
-120020020020
Convert -44203414 (base 5) to base 4.
-1131030212
6919757 (base 10) to base 5
3232413012
12722 (base 9) to base 7
34043
Convert 71942 (base 15) to base 7.
3026042
Convert -7acb0b (base 14) to base 13.
-b3656c
What is -56063 (base 12) in base 16?
-1bdcb
What is 474250 (base 10) in base 14?
c4b90
150638 (base 9) to base 13
3307a
3649a (base 11) to base 8
146426
What is -1111001011101001100111 (base 2) in base 11?
-2279162
Convert 1412142014 (base 5) to base 8.
15663444
-15145523 (base 6) to base 8
-2006133
Convert -10101344 (base 6) to base 9.
-478131
Convert -1322477 (base 13) to base 16.
-5b9922
Convert 5abb70 (base 12) to base 8.
5473304
What is 11221221111112 (base 3) in base 6?
132301405
What is 2762778 (base 9) in base 15?
1eea42
Convert -45516 (base 12) to base 16.
-168a2
Convert -1100110111000101000 (base 2) to base 11.
-268686
1555409 (base 10) to base 14
2c6ba9
What is -1818437 (base 10) in base 13?
-4b88ca
-551406 (base 8) to base 2
-101101001100000110
1249b3 (base 15) to base 11
549433
374688 (base 10) to base 9
630870
-174004 (base 9) to base 12
-52534
Convert 112010110222020 (base 3) to base 9.
15113866
What is -441156 (base 8) in base 14?
-3bd70
133122101 (base 6) to base 15
37b2a4
Convert -3202331020 (base 5) to base 13.
-14cccbc
12301 (base 5) to base 7
2526
What is -20d050 (base 15) in base 8?
-5754114
What is 7366433 (base 11) in base 15?
12160c2
Convert 30b27 (base 14) to base 7.
666250
What is 32665144 (base 8) in base 11?
3a78a46
-230854 (base 13) to base 12
-34018a
Convert 345800 (base 9) to base 4.
302231010
c9d1 (base 16) to base 7
303425
What is -21274 (base 16) in base 15?
-2a381
10021020022 (base 3) to base 8
175502
Convert -100100100010100001101110 (base 2) to base 5.
-4423003411
Convert 174358 (base 9) to base 12.
52738
What is -430260 (base 7) in base 13?
-27c33
331723 (base 8) to base 4
123033103
Convert 12000001122 (base 3) to base 16.
1809b
Convert -5775411 (base 8) to base 6.
-53403521
What is 11002123002 (base 4) in base 5?
314230032
Convert -3828143 (base 10) to base 12.
-134743b
Convert 4272146 (base 9) to base 10.
2291370
Convert -50510 (base 12) to base 4.
-121133130
Convert -9cc2 (base 14) to base 9.
-41302
Convert -20722c (base 16) to base 14.
-3d4cc4
Convert 375655 (base 8) to base 15.
28795
Convert -1cc1 (base 14) to base 16.
-1491
What is 10011110010110110111 (base 2) in base 9?
1187671
2f7157 (base 16) to base 5
1243443312
What is 76647 (base 16) in base 9?
818176
98f40 (base 16) to base 15
c5966
Convert 191201 (base 10) to base 4.
232223201
Convert 32414 (base 14) to base 3.
20011201102
Convert 310331103 (base 4) to base 6.
4352123
What is -11031012202 (base 4) in base 7?
-14411542
What is -264133306 (base 7) in base 13?
-369084a
What is 5846353 (base 11) in base 14?
14dc012
-817051 (base 10) to base 12
-3349b7
420010 (base 11) to base 5
133022442
-12ce2 (base 15) to base 16
-eb7f
Convert -102124153 (base 6) to base 15.
-2539d9
Convert 136958 (base 11) to base 4.
310101200
Convert -15010112 (base 6) to base 12.
-209938
47f86a (base 16) to base 11
2731764
Convert 4c6a5 (base 14) to base 4.
231320021
Convert 28423 (base 13) to base 2.
10010011010001011
Convert 1de870 (base 15) to base 7.
15315651
What is 35304764 (base 8) in base 10?
7703028
Convert 14412134 (base 7) to base 9.
2508702
Convert -446240 (base 10) to base 2.
-1101100111100100000
200110012102 (base 3) to base 14
96500
47004743 (base 8) to base 10
10226147
-4052911 (base 11) to base 3
-111110221002011
-875807 (base 10) to base 4
-3111310133
Convert 5140818 (base 9) to base 15.
392bc8
What is -1131224421 (base 5) in base 11?
-15178a9
What is -7474225 (base 10) in base 12?
-2605441
4047f9 (base 16) to base 11
24180a4
-55012306 (base 7) to base 4
-101331231100
What is -3344097 (base 10) in base 11?
-1984519
Convert 4430301 (base 5) to base 12.
38647
Convert 179734 (base 12) to base 9.
685184
-110010011001100100 (base 2) to base 14
-55336
What is -2535120 (base 6) in base 14?
-38008
Convert 140805 (base 11) to base 14.
5a564
What is 10010111001010011011 (base 2) in base 5?
124303123
Convert 10330213 (base 6) to base 5.
34312413
220233003 (base 5) to base 9
1701604
Convert 202123210003 (base 4) to base 3.
121222120001201
What is 48351 (base 10) in base 14?
13899
What is -11010011101001011100000 (base 2) in base 9?
-14040348
What is -2651013 (base 7) in base 2?
-1010101000101010010
Convert 4599d (base 14) to base 8.
512507
What is -111101011101001111 (base 2) in base 13?
-8a768
What is 1113430 (base 6) in base 14?
16866
-325a2 (base 13) to base 2
-10110001110101110
-c8668 (base 14) to base 8
-1661564
What is -2121323141 (base 5) in base 2?
-10001000101101100110100
What is 5434635 (base 8) in base 4?
11203212131
Convert -3b396 (base 12) to base 7.
-460242
What is 45320052 (base 8) in base 6?
550101310
What is 11064274 (base 8) in base 4?
21012202330
What is b83e1 (base 16) in base 15?
ed907
-322d16 (base 14) to base 3
-10012021201020
-58918a (base 11) to base 8
-3441265
Convert 1010100010101101 (base 2) to base 5.
2340211
Convert 1015432 (base 6) to base 5.
3033241
What is 99579 (base 10) in base 12?
49763
What is 32422003 (base 6) in base 8?
3541123
-222222010 (base 4) to base 13
-616b4
-531523 (base 9) to base 15
-639c3
What is -104503 (base 12) in base 9?
-430723
-113243 (base 8) to base 15
-b65d
1210201112222 (base 3) to base 10
959039
Convert 1873163 (base 9) to base 3.
1222110012010
What is 2a28031 (base 11) in base 14?
9929d2
-560205 (base 8) to base 6
-4012525
2b3c05 (base 13) to base 11
668489
Convert 22100022110010 (base 3) to base 10.
4434834
Convert 61bdc (base 15) to base 10.
309807
What is -12102114 (base 5) in base 15?
-2363e
What is -111b1 (base 15) in base 8?
-152167
Convert 2a20d (base 14) to base 2.
11001100011100101
3104a5 (base 11) to base 3
221022200000
What is -9c6bba (base 16) in base 11?
-5871968
-2091a93 (base 11) to base 3
-20220211121222
What is 12403 (base 6) in base 11?
1455
1012303022 (base 4) to base 11
188971
What is 1000011000110100110100 (base 2) in base 3?
11010201020101
-109849 (base 10) to base 11
-75593
-1013100044 (base 5) to base 8
-7740772
-26ebbc (base 15) to base 14
-36a510
What is -105196 (base 12) in base 15?
-51570
What is -15700 (base 13) in base 5?
-2300404
Convert 21001111222 (base 3) to base 11.
95391
What is 2112537 (base 8) in base 2?
10001001010101011111
What is -1a7d2 (base 14) in base 16?
-10754
What is 7113500 (base 8) in base 2?
111001001011101000000
Convert 9220a (base 13) to base 9.
438088
-203202232 (base 5) to base 3
-1120101222112
What is 20201140 (base 5) in base 3?
22021010211
Convert 110100000111111100 (base 2) to base 9.
354772
Convert -25222420 (base 6) to base 11.
-504a87
Convert -8719b7 (base 15) to base 6.
-345531231
What is 3466656 (base 8) in base 6?
32133410
What is 10011001101000110100000 (base 2) in base 10?
5034400
What is -14242550 (base 8) in base 10?
-3229032
4143524 (base 7) to base 4
1321221323
What is -215017 (base 11) in base 14?
-8d21a
3440234012 (base 5) to base 7
122546236
-213022113 (base 4) to base 3
-22011001000
Convert -1205605 (base 7) to base 3.
-21210020221
What is 29